890160455 a composite number?
True
Is 5459360903 a composite number?
True
Is 4515134989 a prime number?
False
Is 179305667 composite?
False
Is 1665433603 composite?
True
Is 42137089 a composite number?
False
Is 115108200913 a composite number?
False
Is 12876234053 a prime number?
False
Is 1621369357 composite?
False
Is 6017731703 prime?
True
Is 7036545113 a prime number?
False
Is 863226827 prime?
True
Is 26230545353 a prime number?
True
Is 294437531 a prime number?
True
Is 6400260145 prime?
False
Is 158347477 a prime number?
False
Is 5334002351 prime?
True
Is 14228230867 a composite number?
False
Is 10598909351 composite?
True
Is 51573829 composite?
False
Is 206154041 a composite number?
False
Is 647210387 a composite number?
False
Is 165323426597 a composite number?
True
Is 968676703 prime?
True
Is 1667148247 a composite number?
True
Is 92526336943 a composite number?
False
Is 9274760899 composite?
False
Is 121487827 a prime number?
False
Is 59340011 a prime number?
True
Is 118120631 prime?
False
Is 959616103 composite?
False
Is 828536638 composite?
True
Is 26611159067 a prime number?
False
Is 1567508177 composite?
False
Is 689138279 a prime number?
True
Is 213658703 a composite number?
True
Is 756642283 a prime number?
True
Is 467076403 prime?
True
Is 5262701581 composite?
False
Is 89321564495 prime?
False
Is 44002141973 composite?
False
Is 9129407933 composite?
False
Is 949078001 a composite number?
False
Is 18195666277 composite?
False
Is 3482968127 composite?
False
Is 681860539 composite?
True
Is 17110741 a composite number?
False
Is 3243300119 composite?
True
Is 124111084387 prime?
False
Is 820552823 prime?
False
Is 362647973 composite?
True
Is 3326366303 a prime number?
False
Is 1132266217 a composite number?
False
Is 47491236659 a prime number?
True
Is 46672903469 a composite number?
False
Is 126066140657 prime?
True
Is 3193199783 a prime number?
True
Is 8837593537 composite?
True
Is 68910195749 prime?
True
Is 2749783693 composite?
False
Is 88394282107 prime?
True
Is 109928633 a prime number?
True
Is 975604801 composite?
False
Is 18143867499 a prime number?
False
Is 13295352689 prime?
True
Is 23515680587 a prime number?
False
Is 1205455049 composite?
False
Is 199372223 a composite number?
True
Is 174826477795 a prime number?
False
Is 2970938383 a prime number?
False
Is 311168233 prime?
True
Is 15752452633 composite?
False
Is 8818636199 composite?
False
Is 332738981 prime?
True
Is 1194646991 prime?
True
Is 21615271543 a prime number?
False
Is 1558418909 prime?
True
Is 472924043 composite?
True
Is 15739595761 composite?
True
Is 872473253 a prime number?
True
Is 1222173409 prime?
True
Is 6492943799 composite?
True
Is 33270571043 prime?
False
Is 844139339 prime?
True
Is 273330121 composite?
True
Is 301657751 a composite number?
False
Is 87323079907 prime?
False
Is 2604472837 a prime number?
True
Is 46860197149 a prime number?
True
Is 24352119665 prime?
False
Is 347112079 a prime number?
True
Is 69270349 prime?
True
Is 59930873 a composite number?
False
Is 7176582709 composite?
False
Is 16931920397 prime?
False
Is 1548505613 a prime number?
False
Is 209000464433 prime?
False
Is 1328775193 a prime number?
False
Is 143619019 a composite number?
True
Is 1356429911 composite?
False
Is 793295077 a prime number?
True
Is 102943333711 a prime number?
False
Is 758976979 prime?
False
Is 139748507 prime?
False
Is 570188623 a prime number?
False
Is 150326093 prime?
False
Is 3569831 a composite number?
False
Is 1281327241 composite?
False
Is 792812401 a composite number?
False
Is 59774911727 prime?
True
Is 84552851 a composite number?
False
Is 3517658489 a prime number?
False
Is 315779543 a prime number?
True
Is 1447266533 prime?
True
Is 3835880539 prime?
False
Is 10621636913 a composite number?
False
Is 50950241257 a prime number?
True
Is 1822766789 prime?
False
Is 4521207661 a composite number?
True
Is 9271957081 a composite number?
True
Is 78591791 composite?
True
Is 414185423 a composite number?
False
Is 5151069211 a prime number?
True
Is 3688415765 prime?
False
Is 29878996627 a composite number?
True
Is 5373902627 a composite number?
False
Is 826979 composite?
False
Is 24012442211 a composite number?
True
Is 68265956063 a composite number?
False
Is 817781389 prime?
False
Is 118216108901 a prime number?
False
Is 32017807499 prime?
True
Is 2697199253 a composite number?
True
Is 3042685315 prime?
False
Is 952524187 composite?
True
Is 775859703 a composite number?
True
Is 707166199 prime?
True
Is 11007239029 prime?
False
Is 10729921093 composite?
True
Is 5004729545 composite?
True
Is 50474646461 composite?
True
Is 82856143 composite?
True
Is 502685237 a prime number?
True
Is 248300209 prime?
False
Is 439527901 a prime number?
True
Is 6086140673 a prime number?
True
Is 105788677 a composite number?
False
Is 205116073 composite?
False
Is 25803277303 a composite number?
False
Is 9505730653 a composite number?
True
Is 22758224623 a prime number?
True
Is 2809568039 composite?
True
Is 9885580489 a prime number?
True
Is 878639371 prime?
True
Is 22502816233 composite?
False
Is 340066477 composite?
True
Is 1627454083 a composite number?
False
Is 897519419 a prime number?
False
Is 8949179509 composite?
True
Is 38493510851 a composite number?
True
Is 63815388893 composite?
False
Is 4469534735 prime?
False
Is 1510740347 composite?
False
Is 518869657 composite?
False
Is 345695269 composite?
True
Is 1451445869 composite?
True
Is 26485565903 a composite number?
True
Is 1221804791 prime?
True
Is 80155681 composite?
True
Is 161850148615 a composite number?
True
Is 58451520559 composite?
True
Is 539687771 prime?
False
Is 53127943273 composite?
False
Is 19983556783 prime?
False
Is 505446619 composite?
False
Is 10304041877 a composite number?
True
Is 2105141921 prime?
False
Is 92371455677 prime?
True
Is 62046912727 a prime number?
True
Is 455001359 a prime number?
True
Is 3739321093 prime?
False
Is 9271534787 prime?
False
Is 317842633 composite?
False
Is 7047528661 prime?
True
Is 25299394277 a composite number?
True
Is 927038939 a composite number?
False
Is 5108849035 prime?
False
Is 218137301 a composite number?
False
Is 165461623 composite?
False
Is 1002110039 prime?
False
Is 101084468297 prime?
False
Is 518266379 a prime number?
False
Is 69365638417 composite?
False
Is 59430710219 a prime number?
True
Is 9047329643 a composite number?
True
Is 84023143 prime?
True
Is 826266790021 composite?
False
Is 19097189 a prime number?
True
Is 10175962163 a composite number?
True
Is 116236247 composite?
False
Is 9604033573 composite?
False
Is 1427160883 prime?
True
Is 3478518193 composite?
False
Is 1403645819 composite?
False
Is 14376662383 a prime number?
False
Is 3329530933 prime?
False
Is 253667873 a prime number?
False
Is 13433879321 composite?
False
Is 125790353 prime?
False
Is 10661708129 a prime number?
False
Is 5632163633 composite?
False
Is 40370269403 composite?
False
Is 2132370173 a prime number?
False
Is 926863703 composite?
False
Is 1092536437 a composite number?
False
Is 16777793741 prime?
False
Is 77811879 a composite number?
True
Is 249570604397 composite?
False
Is 1380695137 a composite number?
True
Is 791886631 a composite number?
True
Is 1065099073 prime?
True
Is 3935512337 a composite number?
True
Is 16105099811 prime?
True
Is 1474475879 a composite number?
True
Is 442024841 a composite number?
True
Is 13514129683 prime?
True
Is 66861271 composite?
False
Is 6748192637 a prime number?
True
Is 31508686981 a prime number?
False
Is 2275900261 prime?
True
Is 758825681 a prime number?
True
Is 58214838631 a composite number?
False
Is 291921053 composite?
True
Is 262706573 a composite number?
False
Is 46071250699 composite?
False
Is 3494666935 prime?
False
Is 83636307383 a composite number?
False
Is 3186637169 composite?
False
Is 7366712189 composite?
False
Is 5453712323 composite?
True
Is 8810466333 a composite number?
True
Is 3231814273 prime?
True
Is 6922139201 a prime number?
True
Is 42786518221 a composite number?
True
Is 92040372817 composite?
False
Is 73596261203 a prime number?
True
Is 6165171487 a prime number?
True
Is 47868392743 composite?
False
Is 3066989423 prime?
False
Is 406040617 a composite number?
False
Is 27078110227 composite?
True
Is 1470397561